{"id":29,"date":"2024-04-01T14:44:43","date_gmt":"2024-04-01T14:44:43","guid":{"rendered":"https:\/\/catchthepuck.ch\/wordpress\/?page_id=29"},"modified":"2024-04-02T18:09:20","modified_gmt":"2024-04-02T18:09:20","slug":"goalietraining","status":"publish","type":"page","link":"https:\/\/catchthepuck.ch\/","title":{"rendered":"Goalietraining"},"content":{"rendered":"\n<p><\/p>\n\n\n\n<p class=\"has-text-align-center\">         Im Goalietraining werden bestehende Kenntnisse ausgebaut, individuell optimiert und erweitert.<\/p>\n\n\n\n<p><\/p>\n\n\n\n<p class=\"has-text-align-center\">Der Goalie beeinflusst durch sein Verhalten seine Mannschaft.<\/p>\n\n\n\n<p class=\"has-text-align-center\"><br>          Strahlt er Ruhe und Sicherheit aus, \u00fcbertr\u00e4gt sich das auf seine Vorderleute.<\/p>\n\n\n\n<p class=\"has-text-align-center\"><br>          Im Teamtraining kann oft nicht gen\u00fcgend auf den Torh\u00fcter eingegangen werden, oder es fehlt das n\u00f6tige Know How.<\/p>\n\n\n\n<p class=\"has-text-align-center\"><br>          Durch vertiefte technische Grundlagen erlangt der Torh\u00fcter Sicherheit in seinem Handeln.<\/p>\n\n\n\n<p class=\"has-text-align-center\"><br>          Ein Training ohne Druck und 100% Aufmerksamkeit nur f\u00fcr dich!<\/p>\n\n\n\n<p><br><\/p>\n\n\n\n<p>                <\/p>\n\n\n<div class=\"entry-content wp-block-post-content is-layout-flow wp-block-post-content-is-layout-flow\">\n<p><\/p>\n\n\n\n<p class=\"has-text-align-center\">         Im Goalietraining werden bestehende Kenntnisse ausgebaut, individuell optimiert und erweitert.<\/p>\n\n\n\n<p><\/p>\n\n\n\n<p class=\"has-text-align-center\">Der Goalie beeinflusst durch sein Verhalten seine Mannschaft.<\/p>\n\n\n\n<p class=\"has-text-align-center\"><br>          Strahlt er Ruhe und Sicherheit aus, \u00fcbertr\u00e4gt sich das auf seine Vorderleute.<\/p>\n\n\n\n<p class=\"has-text-align-center\"><br>          Im Teamtraining kann oft nicht gen\u00fcgend auf den Torh\u00fcter eingegangen werden, oder es fehlt das n\u00f6tige Know How.<\/p>\n\n\n\n<p class=\"has-text-align-center\"><br>          Durch vertiefte technische Grundlagen erlangt der Torh\u00fcter Sicherheit in seinem Handeln.<\/p>\n\n\n\n<p class=\"has-text-align-center\"><br>          Ein Training ohne Druck und 100% Aufmerksamkeit nur f\u00fcr dich!<\/p>\n\n\n\n<p><br><\/p>\n\n\n\n<p>                <\/p>\n\n\n<\/div>","protected":false},"excerpt":{"rendered":"<p>Im Goalietraining werden bestehende Kenntnisse ausgebaut, individuell optimiert und erweitert. Der Goalie beeinflusst durch sein Verhalten seine Mannschaft. Strahlt er Ruhe und Sicherheit aus, \u00fcbertr\u00e4gt sich das auf seine Vorderleute. Im Teamtraining kann oft nicht gen\u00fcgend auf den Torh\u00fcter eingegangen werden, oder es fehlt das n\u00f6tige Know How. Durch vertiefte technische Grundlagen erlangt der Torh\u00fcter [&hellip;]<\/p>\n","protected":false},"author":1,"featured_media":67,"parent":0,"menu_order":0,"comment_status":"closed","ping_status":"closed","template":"","meta":{"footnotes":""},"class_list":["post-29","page","type-page","status-publish","has-post-thumbnail","hentry"],"_links":{"self":[{"href":"https:\/\/catchthepuck.ch\/index.php\/wp-json\/wp\/v2\/pages\/29","targetHints":{"allow":["GET"]}}],"collection":[{"href":"https:\/\/catchthepuck.ch\/index.php\/wp-json\/wp\/v2\/pages"}],"about":[{"href":"https:\/\/catchthepuck.ch\/index.php\/wp-json\/wp\/v2\/types\/page"}],"author":[{"embeddable":true,"href":"https:\/\/catchthepuck.ch\/index.php\/wp-json\/wp\/v2\/users\/1"}],"replies":[{"embeddable":true,"href":"https:\/\/catchthepuck.ch\/index.php\/wp-json\/wp\/v2\/comments?post=29"}],"version-history":[{"count":7,"href":"https:\/\/catchthepuck.ch\/index.php\/wp-json\/wp\/v2\/pages\/29\/revisions"}],"predecessor-version":[{"id":171,"href":"https:\/\/catchthepuck.ch\/index.php\/wp-json\/wp\/v2\/pages\/29\/revisions\/171"}],"wp:featuredmedia":[{"embeddable":true,"href":"https:\/\/catchthepuck.ch\/index.php\/wp-json\/wp\/v2\/media\/67"}],"wp:attachment":[{"href":"https:\/\/catchthepuck.ch\/index.php\/wp-json\/wp\/v2\/media?parent=29"}],"curies":[{"name":"wp","href":"https:\/\/api.w.org\/{rel}","templated":true}]}}